{"id":13,"date":"2014-04-26T16:58:25","date_gmt":"2014-04-26T16:58:25","guid":{"rendered":"http:\/\/demo.themegrill.com\/accelerate\/?page_id=13"},"modified":"2025-02-14T14:51:38","modified_gmt":"2025-02-14T13:51:38","slug":"clubs-de-judo","status":"publish","type":"page","link":"https:\/\/judo-cpnamur.be\/index.php\/clubs-de-judo\/","title":{"rendered":"Les clubs namurois"},"content":{"rendered":"<p><strong>D\u00e9couvrez les coordonn\u00e9es et les horaires des clubs de judo suivants :<\/strong><\/p>\n<div class=\"su-accordion su-u-trim\"><div class=\"su-spoiler su-spoiler-style-default su-spoiler-icon-plus su-spoiler-closed\" data-scroll-offset=\"0\" data-anchor-in-url=\"no\"><div class=\"su-spoiler-title\" tabindex=\"0\" role=\"button\"><span class=\"su-spoiler-icon\"><\/span>Bushido A.B.S. - Auvelais<\/div><div class=\"su-spoiler-content su-u-clearfix su-u-trim\">\n<i class=\"fa fa-map-marker\" style=\"font-size: 20px;\"><\/i> Rue du bosquet,47 \u00e0 5060 Auvelais\u00a0 \u00a0 <i class=\"fa fa-phone\" style=\"font-size: 20px;\"><\/i> 071\/74 07 66\u00a0 \u00a0 <i class=\"fa fa-at\" style=\"font-size: 20px;\"><\/i>bushido-abs@skynet.be<\/p>\n<p><strong>Horaires des cours<\/strong><br \/>\nMardi: 16h30-17h30 4-6 ans<br \/>\nMardi: 18h-19h Ta\u00ef so pour tous<br \/>\nMardi: 19h-20h30 judo +12 ans<br \/>\nMercredi : 17h-18h30 6-12 ans<br \/>\nMercredi: 19h-21h +12ans<br \/>\nVendredi: 17-18h30 6-12<br \/>\nVendredi : 19h-21h +12<br \/>\n<\/div><\/div>\n<div class=\"su-spoiler su-spoiler-style-default su-spoiler-icon-plus su-spoiler-closed\" data-scroll-offset=\"0\" data-anchor-in-url=\"no\"><div class=\"su-spoiler-title\" tabindex=\"0\" role=\"button\"><span class=\"su-spoiler-icon\"><\/span>Royal Judo Club Saint-Denis<\/div><div class=\"su-spoiler-content su-u-clearfix su-u-trim\"><i class=\"fa fa-map-marker\" style=\"font-size: 20px;\"><\/i> 2 A, Rue de Beauffaux \u00e0 5081 Saint-Denis\u00a0 \u00a0 <i class=\"fa fa-phone\" style=\"font-size: 20px;\"><\/i> 081\/56 99 51\u00a0 \u00a0 \u00a0<i class=\"fa fa-at\" style=\"font-size: 20px;\"><\/i>JCSD.Secretaire@skynet.be <i class=\"fa fa-laptop\" style=\"font-size: 20px;\"><\/i> <a href=\"http:\/\/www.Judoclubsaintdenis.be\" target=\"_blank\" rel=\"noopener noreferrer\">www.Judoclubsaintdenis.be<\/a><\/p>\n<p><strong>Horaires des cours<\/strong><br \/>\nvoir site internet<\/div><\/div>\n<div class=\"su-spoiler su-spoiler-style-default su-spoiler-icon-plus su-spoiler-closed\" data-scroll-offset=\"0\" data-anchor-in-url=\"no\"><div class=\"su-spoiler-title\" tabindex=\"0\" role=\"button\"><span class=\"su-spoiler-icon\"><\/span>Judo club Solvay<\/div><div class=\"su-spoiler-content su-u-clearfix su-u-trim\"><i class=\"fa fa-map-marker\" style=\"font-size: 20px;\"><\/i> Rue du Br\u00fbl\u00e9, 32, 5190 Jemeppe-sur-Sambre\u00a0 <i class=\"fa fa-phone\" style=\"font-size: 20px;\"><\/i> 0477\/619017\u00a0 \u00a0 \u00a0<i class=\"fa fa-at\" style=\"font-size: 20px;\"><\/i>info@judosolvay.be <i class=\"fa fa-laptop\" style=\"font-size: 20px;\"><\/i> <a href=\"https:\/\/www.judosolvay.be\" target=\"_blank\" rel=\"noopener noreferrer\">www.judosolvay.be<\/a><\/p>\n<p><strong>Horaires des cours<\/strong><br \/>\nMercredi et vendredi<br \/>\n4 \u00e0 7 ans: 17h30-18h30<br \/>\n8 \u00e0 13 ans: 18h30 &#8211; 19h30<br \/>\nPlus de 13 ans: 19h30 &#8211; 21H<\/p>\n<\/div><\/div>\n<div class=\"su-spoiler su-spoiler-style-default su-spoiler-icon-plus su-spoiler-closed\" data-scroll-offset=\"0\" data-anchor-in-url=\"no\"><div class=\"su-spoiler-title\" tabindex=\"0\" role=\"button\"><span class=\"su-spoiler-icon\"><\/span>Judo Club Florennes<\/div><div class=\"su-spoiler-content su-u-clearfix su-u-trim\"><i class=\"fa fa-map-marker\" style=\"font-size: 20px;\"><\/i> Complexe Sportif Dr Rolin Rue du Chesl\u00e9 \u00e0 5620 Florennes\u00a0 <i class=\"fa fa-phone\" style=\"font-size: 20px;\"><\/i> 0476 207072\u00a0 \u00a0 \u00a0 <i class=\"fa fa-at\" style=\"font-size: 20px;\"><\/i>judoclubflorennes@gmail.com\u00a0 \u00a0<i class=\"fa fa-laptop\" style=\"font-size: 20px;\"><\/i> <a href=\"http:\/\/www.jc-florennes.be\" target=\"_blank\" rel=\"noopener noreferrer\">www.jc-florennes.be<\/a><\/p>\n<p><strong>Horaires des cours<\/strong><br \/>\nPetits: Mercredi de 18h00-19h30 \/ Samedi 13h00-14h30<br \/>\nGrands Mercredi 19h30-21h00 \/ Vendredi 18h30-20h00 \/ Samedi 14h30-16h00<\/p>\n<\/div><\/div>\n<div class=\"su-spoiler su-spoiler-style-default su-spoiler-icon-plus su-spoiler-closed\" data-scroll-offset=\"0\" data-anchor-in-url=\"no\"><div class=\"su-spoiler-title\" tabindex=\"0\" role=\"button\"><span class=\"su-spoiler-icon\"><\/span>Judo Club condruzien <\/div><div class=\"su-spoiler-content su-u-clearfix su-u-trim\"><i class=\"fa fa-map-marker\" style=\"font-size: 20px;\"><\/i> Salle Murisaltienne, route de Rochefort \u00e0 5590 Leignon\u00a0 \u00a0 <i class=\"fa fa-phone\" style=\"font-size: 20px;\"><\/i>0478\/518 348<\/p>\n<p><strong>Horaires des cours<\/strong><br \/>\nMardi et Jeudi<br \/>\n6-11 ans : 18h-19h<br \/>\n12-16 ans : 19h-20h<br \/>\nAdultes : 20h-21h30<\/p>\n<\/div><\/div>\n<div class=\"su-spoiler su-spoiler-style-default su-spoiler-icon-plus su-spoiler-closed\" data-scroll-offset=\"0\" data-anchor-in-url=\"no\"><div class=\"su-spoiler-title\" tabindex=\"0\" role=\"button\"><span class=\"su-spoiler-icon\"><\/span>Judo Club Sen-no-sen Andenne<\/div><div class=\"su-spoiler-content su-u-clearfix su-u-trim\"><i class=\"fa fa-map-marker\" style=\"font-size: 20px;\"><\/i> Andenne Arena &#8211; Rue du Docteur Melin 14 \u00e0 5300 Andenne\u00a0 <i class=\"fa fa-phone\" style=\"font-size: 20px;\"><\/i> 0474\/88 55 55\u00a0 \u00a0 <i class=\"fa fa-at\" style=\"font-size: 20px;\"><\/i>info@judo-andenne.club <a href=\"http:\/\/judo-andenne.club\/\" target=\"_blank\" rel=\"noopener noreferrer\">http:\/\/judo-andenne.club<\/a><\/p>\n<p><strong>Horaires des cours<\/strong><\/p>\n<p style=\"font-weight: 400;\">Petits (5 \u2013 8 ans) : samedi\u00a0: 9h00 \u00e0 10h00<\/p>\n<p style=\"font-weight: 400;\">Moyens (9 \u2013 13 ans) : jeudi : 19h00 \u00e0 20h00 et samedi\u00a0: 10h00 \u00e0 11h00<\/p>\n<p style=\"font-weight: 400;\">Adultes: 14 ans et + : mercredi : 20h00 \u00e0 21h30 et\u00a0 samedi : 11h00 \u00e0 13h00<\/p>\n<\/div><\/div>\n<div class=\"su-spoiler su-spoiler-style-default su-spoiler-icon-plus su-spoiler-closed\" data-scroll-offset=\"0\" data-anchor-in-url=\"no\"><div class=\"su-spoiler-title\" tabindex=\"0\" role=\"button\"><span class=\"su-spoiler-icon\"><\/span>Judo Club Namurois<\/div><div class=\"su-spoiler-content su-u-clearfix su-u-trim\"><i class=\"fa fa-map-marker\" style=\"font-size: 20px;\"><\/i> Avenue de Tabora 21 &#8211; 5000 Namur\u00a0 <i class=\"fa fa-phone\" style=\"font-size: 20px;\"><\/i> 0496 96 40 16\u00a0 \u00a0 <i class=\"fa fa-at\" style=\"font-size: 20px;\"><\/i>gregory@judoclubnamurois.be\u00a0 \u00a0\u00a0<i class=\"fa fa-laptop\" style=\"font-size: 20px;\"><\/i><a href=\"https:\/\/www.judoclubnamurois.be\/\" target=\"_blank\" rel=\"noopener noreferrer\">www.judoclubnamurois.be<\/a><\/p>\n<p><strong>Horaires des cours<\/strong><br \/>\nMardi 19h00 &#8211; 21h00: ados et adultes<br \/>\nMercredi 17h30 &#8211; 18h30: 6-8 ans<br \/>\nMercredi 18h30 &#8211; 20h00: 9-11 ans<br \/>\nVendredi 19h00 &#8211; 21h00: ados et adultes<br \/>\nSamedi 9h30 &#8211; 9h30: 4-5 ans<br \/>\nSamedi 10h30 &#8211; 12h00: 6-11 ans<br \/>\nSamedi 12h00 &#8211; 13h00: ados et adultes<\/p>\n<\/div><\/div>\n<div class=\"su-spoiler su-spoiler-style-default su-spoiler-icon-plus su-spoiler-closed\" data-scroll-offset=\"0\" data-anchor-in-url=\"no\"><div class=\"su-spoiler-title\" tabindex=\"0\" role=\"button\"><span class=\"su-spoiler-icon\"><\/span>Judo Club Sambreville<\/div><div class=\"su-spoiler-content su-u-clearfix su-u-trim\"><i class=\"fa fa-map-marker\" style=\"font-size: 20px;\"><\/i> Place Albert 1er \u00e0 5060 Sambreville (Falisolle) <i class=\"fa fa-phone\" style=\"font-size: 20px;\"><\/i>071\/77 26 60 <i class=\"fa fa-at\" style=\"font-size: 20px;\"><\/i> judo.club.sambreville@gmail.com <i class=\"fa fa-laptop\" style=\"font-size: 20px;\"><\/i> <a href=\"http:\/\/www.judoclubsambreville.be\" target=\"_blank\" rel=\"noopener noreferrer\">judoclubsambreville.be<\/a><\/p>\n<p><strong>Horaires des cours<\/strong><br \/>\n<strong>Petits (5 \u2013 7 ans) : lundi et jeudi<\/strong><br \/>\nCours 1 : 17h30 \u2013\u00a018h25<br \/>\nCours 2 :\u00a018h35\u00a0\u2013 19h30<\/p>\n<p><strong>Moyens : mardi et vendredi<\/strong><br \/>\nCours 1 (8-10 ans) : 17h30 \u2013\u00a018h25<br \/>\nCours 2 (11 \u2013 13 ans) : 18h35 \u2013 19h30<\/p>\n<p><strong>Adultes: 13 ans et<\/strong> + : mardi et vendredi 19h45-21h15<br \/>\n<\/div><\/div>\n<div class=\"su-spoiler su-spoiler-style-default su-spoiler-icon-plus su-spoiler-closed\" data-scroll-offset=\"0\" data-anchor-in-url=\"no\"><div class=\"su-spoiler-title\" tabindex=\"0\" role=\"button\"><span class=\"su-spoiler-icon\"><\/span>Judo Ju-jitsu des Fagnes Couvin<\/div><div class=\"su-spoiler-content su-u-clearfix su-u-trim\"><i class=\"fa fa-map-marker\" style=\"font-size: 20px;\"><\/i> Couvid\u00f4me, rue de la Foulerie, 12 Couvin\u00a0 <i class=\"fa fa-phone\" style=\"font-size: 20px;\"><\/i> 0499 74 70 78 <i class=\"fa fa-laptop\" style=\"font-size: 20px;\"><\/i><a href=\"http:\/\/judoju-jitsudesfagnescouvin.be\" target=\"_blank\" rel=\"noopener noreferrer\">judoju-jitsudesfagnescouvin.be<\/a><\/p>\n<p><strong>Horaires des cours<\/strong><br \/>\nPetits: mercredi \u00e0 16h00 &#8211; 17h00 \/ vendredi 17h00 &#8211; 18h00<br \/>\nMinime: mercredi \u00e0 17h00 &#8211; 18h30 \/ vendredi 18h00 &#8211; 19h30<br \/>\nCadets\/espoirs\/juniors\/s\u00e9niors: mercredi \u00e0 18h30 &#8211; 20h00 \/ vendredi \u00e0 19h30 &#8211; 21h00<br \/>\nToutes sections: jeudi \u00e0 18h00 &#8211; 19h30<\/p>\n<\/div><\/div>\n<div class=\"su-spoiler su-spoiler-style-default su-spoiler-icon-plus su-spoiler-closed\" data-scroll-offset=\"0\" data-anchor-in-url=\"no\"><div class=\"su-spoiler-title\" tabindex=\"0\" role=\"button\"><span class=\"su-spoiler-icon\"><\/span>JC Djoban Mettet<\/div><div class=\"su-spoiler-content su-u-clearfix su-u-trim\"><i class=\"fa fa-map-marker\" style=\"font-size: 20px;\"><\/i> Rue de la Brasserie,19B 5640 Mettet 0496 511 412 infodjoban@gmail.com<\/p>\n<p><strong>Horaires des cours<\/strong><br \/>\nPetits: mardi de 17h30 \u00e0 18h3017h00<br \/>\nGrands : mardi de 18h30 \u00e0 20h00 et vendredi de 18h00 \u00e0 19h30<\/p>\n<\/div><\/div>\n<div class=\"su-spoiler su-spoiler-style-default su-spoiler-icon-plus su-spoiler-closed\" data-scroll-offset=\"0\" data-anchor-in-url=\"no\"><div class=\"su-spoiler-title\" tabindex=\"0\" role=\"button\"><span class=\"su-spoiler-icon\"><\/span>Royal Inter Gembloux Wavre<\/div><div class=\"su-spoiler-content su-u-clearfix su-u-trim\"><i class=\"fa fa-map-marker\" style=\"font-size: 20px;\"><\/i> 3 dojos : Gembloux, Villers la ville et Wavre. <i class=\"fa fa-phone\" style=\"font-size: 20px;\"><\/i>\u00a0 Bertrand Michel (Wavre) 0477\/200 240 | Delvaux Francy (Gembloux) 0495\/90 52 52 | Gilles Ludovic (Villers) 0479\/76 48 12<\/p>\n<\/div><\/div>\n<\/div>\n<p>JC Mozan<\/p>\n<p>JC Floreffe<\/p>\n<p>JC Eghezee<\/p>\n<p>JC de JAMBES<\/p>\n<p>Royal Inter Gembloux Wavre<\/p>\n<p>Ippon Seoi Nage Club Natoye<\/p>\n<p>JC Sombreffe<\/p>\n<p>Wolves judo Namur<\/p>\n","protected":false},"excerpt":{"rendered":"<p>Vous cherchez un club pr\u00e8s de chez vous ? D\u00e9couvrez la liste des clubs de judo dans la Province de Namur.<\/p>\n","protected":false},"author":1,"featured_media":317,"parent":0,"menu_order":0,"comment_status":"closed","ping_status":"closed","template":"","meta":{"footnotes":""},"class_list":["post-13","page","type-page","status-publish","has-post-thumbnail","hentry"],"yoast_head":"<!-- This site is optimized with the Yoast SEO plugin v18.0 - https:\/\/yoast.com\/wordpress\/plugins\/seo\/ -->\n<title>Les clubs de judo dans la Province de Namur | Comit\u00e9 provincial namurois<\/title>\n<meta name=\"description\" content=\"D\u00e9couvrez les clubs de judo dans la Province de Namur | Toutes les informations sur les adresses et horaires d&#039;un club pr\u00e8s de chez vous.\" \/>\n<meta name=\"robots\" content=\"index, follow, max-snippet:-1, max-image-preview:large, max-video-preview:-1\" \/>\n<link rel=\"canonical\" href=\"https:\/\/judo-cpnamur.be\/index.php\/clubs-de-judo\/\" \/>\n<meta property=\"og:locale\" content=\"fr_FR\" \/>\n<meta property=\"og:type\" content=\"article\" \/>\n<meta property=\"og:title\" content=\"Les clubs de judo dans la Province de Namur | Comit\u00e9 provincial namurois\" \/>\n<meta property=\"og:description\" content=\"D\u00e9couvrez les clubs de judo dans la Province de Namur | Toutes les informations sur les adresses et horaires d&#039;un club pr\u00e8s de chez vous.\" \/>\n<meta property=\"og:url\" content=\"https:\/\/judo-cpnamur.be\/index.php\/clubs-de-judo\/\" \/>\n<meta property=\"og:site_name\" content=\"Comit\u00e9 provincial namurois\" \/>\n<meta property=\"article:modified_time\" content=\"2025-02-14T13:51:38+00:00\" \/>\n<meta property=\"og:image\" content=\"https:\/\/judo-cpnamur.be\/wp-content\/uploads\/2021\/05\/the-two-judokas-fighters-posing-scaled.jpg\" \/>\n\t<meta property=\"og:image:width\" content=\"2560\" \/>\n\t<meta property=\"og:image:height\" content=\"1709\" \/>\n\t<meta property=\"og:image:type\" content=\"image\/jpeg\" \/>\n<meta name=\"twitter:card\" content=\"summary_large_image\" \/>\n<meta name=\"twitter:label1\" content=\"Dur\u00e9e de lecture estim\u00e9e\" \/>\n\t<meta name=\"twitter:data1\" content=\"3 minutes\" \/>\n<script type=\"application\/ld+json\" class=\"yoast-schema-graph\">{\"@context\":\"https:\/\/schema.org\",\"@graph\":[{\"@type\":\"Organization\",\"@id\":\"https:\/\/judo-cpnamur.be\/#organization\",\"name\":\"Comit\u00e9 provincial namurois de judo\",\"url\":\"https:\/\/judo-cpnamur.be\/\",\"sameAs\":[],\"logo\":{\"@type\":\"ImageObject\",\"@id\":\"https:\/\/judo-cpnamur.be\/#logo\",\"inLanguage\":\"fr-FR\",\"url\":\"http:\/\/judo-cpnamur.be\/wp-content\/uploads\/2021\/05\/logo1.jpg\",\"contentUrl\":\"http:\/\/judo-cpnamur.be\/wp-content\/uploads\/2021\/05\/logo1.jpg\",\"width\":336,\"height\":426,\"caption\":\"Comit\u00e9 provincial namurois de judo\"},\"image\":{\"@id\":\"https:\/\/judo-cpnamur.be\/#logo\"}},{\"@type\":\"WebSite\",\"@id\":\"https:\/\/judo-cpnamur.be\/#website\",\"url\":\"https:\/\/judo-cpnamur.be\/\",\"name\":\"Comit\u00e9 provincial namurois\",\"description\":\"Judo - Un club pr\u00e8s de chez vous\",\"publisher\":{\"@id\":\"https:\/\/judo-cpnamur.be\/#organization\"},\"potentialAction\":[{\"@type\":\"SearchAction\",\"target\":{\"@type\":\"EntryPoint\",\"urlTemplate\":\"https:\/\/judo-cpnamur.be\/?s={search_term_string}\"},\"query-input\":\"required name=search_term_string\"}],\"inLanguage\":\"fr-FR\"},{\"@type\":\"ImageObject\",\"@id\":\"https:\/\/judo-cpnamur.be\/index.php\/clubs-de-judo\/#primaryimage\",\"inLanguage\":\"fr-FR\",\"url\":\"https:\/\/judo-cpnamur.be\/wp-content\/uploads\/2021\/05\/the-two-judokas-fighters-posing-scaled.jpg\",\"contentUrl\":\"https:\/\/judo-cpnamur.be\/wp-content\/uploads\/2021\/05\/the-two-judokas-fighters-posing-scaled.jpg\",\"width\":2560,\"height\":1709,\"caption\":\"The two judokas fighters posing on gray studio background\"},{\"@type\":\"WebPage\",\"@id\":\"https:\/\/judo-cpnamur.be\/index.php\/clubs-de-judo\/#webpage\",\"url\":\"https:\/\/judo-cpnamur.be\/index.php\/clubs-de-judo\/\",\"name\":\"Les clubs de judo dans la Province de Namur | Comit\u00e9 provincial namurois\",\"isPartOf\":{\"@id\":\"https:\/\/judo-cpnamur.be\/#website\"},\"primaryImageOfPage\":{\"@id\":\"https:\/\/judo-cpnamur.be\/index.php\/clubs-de-judo\/#primaryimage\"},\"datePublished\":\"2014-04-26T16:58:25+00:00\",\"dateModified\":\"2025-02-14T13:51:38+00:00\",\"description\":\"D\u00e9couvrez les clubs de judo dans la Province de Namur | Toutes les informations sur les adresses et horaires d'un club pr\u00e8s de chez vous.\",\"breadcrumb\":{\"@id\":\"https:\/\/judo-cpnamur.be\/index.php\/clubs-de-judo\/#breadcrumb\"},\"inLanguage\":\"fr-FR\",\"potentialAction\":[{\"@type\":\"ReadAction\",\"target\":[\"https:\/\/judo-cpnamur.be\/index.php\/clubs-de-judo\/\"]}]},{\"@type\":\"BreadcrumbList\",\"@id\":\"https:\/\/judo-cpnamur.be\/index.php\/clubs-de-judo\/#breadcrumb\",\"itemListElement\":[{\"@type\":\"ListItem\",\"position\":1,\"name\":\"Accueil\",\"item\":\"https:\/\/judo-cpnamur.be\/\"},{\"@type\":\"ListItem\",\"position\":2,\"name\":\"Les clubs namurois\"}]}]}<\/script>\n<!-- \/ Yoast SEO plugin. -->","yoast_head_json":{"title":"Les clubs de judo dans la Province de Namur | Comit\u00e9 provincial namurois","description":"D\u00e9couvrez les clubs de judo dans la Province de Namur | Toutes les informations sur les adresses et horaires d'un club pr\u00e8s de chez vous.","robots":{"index":"index","follow":"follow","max-snippet":"max-snippet:-1","max-image-preview":"max-image-preview:large","max-video-preview":"max-video-preview:-1"},"canonical":"https:\/\/judo-cpnamur.be\/index.php\/clubs-de-judo\/","og_locale":"fr_FR","og_type":"article","og_title":"Les clubs de judo dans la Province de Namur | Comit\u00e9 provincial namurois","og_description":"D\u00e9couvrez les clubs de judo dans la Province de Namur | Toutes les informations sur les adresses et horaires d'un club pr\u00e8s de chez vous.","og_url":"https:\/\/judo-cpnamur.be\/index.php\/clubs-de-judo\/","og_site_name":"Comit\u00e9 provincial namurois","article_modified_time":"2025-02-14T13:51:38+00:00","og_image":[{"width":2560,"height":1709,"url":"https:\/\/judo-cpnamur.be\/wp-content\/uploads\/2021\/05\/the-two-judokas-fighters-posing-scaled.jpg","type":"image\/jpeg"}],"twitter_card":"summary_large_image","twitter_misc":{"Dur\u00e9e de lecture estim\u00e9e":"3 minutes"},"schema":{"@context":"https:\/\/schema.org","@graph":[{"@type":"Organization","@id":"https:\/\/judo-cpnamur.be\/#organization","name":"Comit\u00e9 provincial namurois de judo","url":"https:\/\/judo-cpnamur.be\/","sameAs":[],"logo":{"@type":"ImageObject","@id":"https:\/\/judo-cpnamur.be\/#logo","inLanguage":"fr-FR","url":"http:\/\/judo-cpnamur.be\/wp-content\/uploads\/2021\/05\/logo1.jpg","contentUrl":"http:\/\/judo-cpnamur.be\/wp-content\/uploads\/2021\/05\/logo1.jpg","width":336,"height":426,"caption":"Comit\u00e9 provincial namurois de judo"},"image":{"@id":"https:\/\/judo-cpnamur.be\/#logo"}},{"@type":"WebSite","@id":"https:\/\/judo-cpnamur.be\/#website","url":"https:\/\/judo-cpnamur.be\/","name":"Comit\u00e9 provincial namurois","description":"Judo - Un club pr\u00e8s de chez vous","publisher":{"@id":"https:\/\/judo-cpnamur.be\/#organization"},"potentialAction":[{"@type":"SearchAction","target":{"@type":"EntryPoint","urlTemplate":"https:\/\/judo-cpnamur.be\/?s={search_term_string}"},"query-input":"required name=search_term_string"}],"inLanguage":"fr-FR"},{"@type":"ImageObject","@id":"https:\/\/judo-cpnamur.be\/index.php\/clubs-de-judo\/#primaryimage","inLanguage":"fr-FR","url":"https:\/\/judo-cpnamur.be\/wp-content\/uploads\/2021\/05\/the-two-judokas-fighters-posing-scaled.jpg","contentUrl":"https:\/\/judo-cpnamur.be\/wp-content\/uploads\/2021\/05\/the-two-judokas-fighters-posing-scaled.jpg","width":2560,"height":1709,"caption":"The two judokas fighters posing on gray studio background"},{"@type":"WebPage","@id":"https:\/\/judo-cpnamur.be\/index.php\/clubs-de-judo\/#webpage","url":"https:\/\/judo-cpnamur.be\/index.php\/clubs-de-judo\/","name":"Les clubs de judo dans la Province de Namur | Comit\u00e9 provincial namurois","isPartOf":{"@id":"https:\/\/judo-cpnamur.be\/#website"},"primaryImageOfPage":{"@id":"https:\/\/judo-cpnamur.be\/index.php\/clubs-de-judo\/#primaryimage"},"datePublished":"2014-04-26T16:58:25+00:00","dateModified":"2025-02-14T13:51:38+00:00","description":"D\u00e9couvrez les clubs de judo dans la Province de Namur | Toutes les informations sur les adresses et horaires d'un club pr\u00e8s de chez vous.","breadcrumb":{"@id":"https:\/\/judo-cpnamur.be\/index.php\/clubs-de-judo\/#breadcrumb"},"inLanguage":"fr-FR","potentialAction":[{"@type":"ReadAction","target":["https:\/\/judo-cpnamur.be\/index.php\/clubs-de-judo\/"]}]},{"@type":"BreadcrumbList","@id":"https:\/\/judo-cpnamur.be\/index.php\/clubs-de-judo\/#breadcrumb","itemListElement":[{"@type":"ListItem","position":1,"name":"Accueil","item":"https:\/\/judo-cpnamur.be\/"},{"@type":"ListItem","position":2,"name":"Les clubs namurois"}]}]}},"_links":{"self":[{"href":"https:\/\/judo-cpnamur.be\/index.php\/wp-json\/wp\/v2\/pages\/13","targetHints":{"allow":["GET"]}}],"collection":[{"href":"https:\/\/judo-cpnamur.be\/index.php\/wp-json\/wp\/v2\/pages"}],"about":[{"href":"https:\/\/judo-cpnamur.be\/index.php\/wp-json\/wp\/v2\/types\/page"}],"author":[{"embeddable":true,"href":"https:\/\/judo-cpnamur.be\/index.php\/wp-json\/wp\/v2\/users\/1"}],"replies":[{"embeddable":true,"href":"https:\/\/judo-cpnamur.be\/index.php\/wp-json\/wp\/v2\/comments?post=13"}],"version-history":[{"count":47,"href":"https:\/\/judo-cpnamur.be\/index.php\/wp-json\/wp\/v2\/pages\/13\/revisions"}],"predecessor-version":[{"id":383,"href":"https:\/\/judo-cpnamur.be\/index.php\/wp-json\/wp\/v2\/pages\/13\/revisions\/383"}],"wp:featuredmedia":[{"embeddable":true,"href":"https:\/\/judo-cpnamur.be\/index.php\/wp-json\/wp\/v2\/media\/317"}],"wp:attachment":[{"href":"https:\/\/judo-cpnamur.be\/index.php\/wp-json\/wp\/v2\/media?parent=13"}],"curies":[{"name":"wp","href":"https:\/\/api.w.org\/{rel}","templated":true}]}}